{"id":21129,"date":"2023-11-28T17:38:50","date_gmt":"2023-11-28T16:38:50","guid":{"rendered":"https:\/\/www.dascenzobike.it\/wordpress\/?post_type=product&#038;p=21129"},"modified":"2023-11-29T12:35:56","modified_gmt":"2023-11-29T11:35:56","slug":"casco-met-rivale-mips","status":"publish","type":"product","link":"https:\/\/www.dascenzobike.it\/wordpress\/prodotto\/casco-met-rivale-mips\/","title":{"rendered":"Casco Met Rivale Mips"},"content":{"rendered":"<p>Casco Met Rivale Mips offre le migliori performance e una presenza in strada che non passer\u00e0 inosservata. Migliorato su tutti i fronti \u00e8 pi\u00f9 sicuro, pi\u00f9 confortevole e pi\u00f9 efficiente. Rivale combina uno straordinario rapporto qualit\u00e0 prezzo con tutti i vantaggi di sicurezza del sistema di protezione del cervello MIPS-C2\u00ae. MIPS\u00ae \u00e8 ingegnerizzato per aggiungere un minimo del 10% di sicurezza in pi\u00f9 contro le forze rotazionali causate da impatti specifici. Met ha creato il nuovo Rivale MIPS per essere parte dei tuoi giri in bicicletta pi\u00f9 memorabili. Rappresenta uno dei valori fondamentali della missione di Met; creare design iconici che accrescano la tua fiducia e rendano migliore la tua esperienza in sella.<\/p>\n<ul>\n<li>Calotta in policarbonato In-mould | Interno in EPS.<\/li>\n<li>Sistema di protezione del cervello MIPS-C2\u00ae.<\/li>\n<li>Sistema di regolazione Safe-T Upsilon.<\/li>\n<li>Regolazione verticale.<\/li>\n<li>Anello a 360\u00b0.<\/li>\n<li>Canalizzazione interna dell\u2019aria.<\/li>\n<li>18 feritoie.<\/li>\n<li>Feritoia NACA.<\/li>\n<li>Feritoie porta-occhiali.<\/li>\n<li>Imbottiture lavabili a mano.<\/li>\n<li>Cinturini Air Lite.<\/li>\n<li>Divider regolabile e anti-slittamento.<\/li>\n<li>Decal posteriori rifrangenti.<\/li>\n<li>Certificazioni CE.<\/li>\n<li>Colore: Blu (Navy Silver Lucido).<\/li>\n<li>taglia 56\/58<\/li>\n<\/ul>\n<div class=\"askabout-product-box mfp-link\"><\/div>\n","protected":false},"excerpt":{"rendered":"<p>Casco Met Rivale Mips offre le migliori performance e una presenza in strada che non passer\u00e0 inosservata. Migliorato su tutti [&hellip;]<\/p>\n","protected":false},"featured_media":21130,"template":"","meta":{"site-sidebar-layout":"default","site-content-layout":"","ast-site-content-layout":"default","site-content-style":"default","site-sidebar-style":"default","ast-global-header-display":"","ast-banner-title-visibility":"","ast-main-header-display":"","ast-hfb-above-header-display":"","ast-hfb-below-header-display":"","ast-hfb-mobile-header-display":"","site-post-title":"","ast-breadcrumbs-content":"","ast-featured-img":"","footer-sml-layout":"","ast-disable-related-posts":"","theme-transparent-header-meta":"","adv-header-id-meta":"","stick-header-meta":"","header-above-stick-meta":"","header-main-stick-meta":"","header-below-stick-meta":"","astra-migrate-meta-layouts":"default","ast-page-background-enabled":"default","ast-page-background-meta":{"desktop":{"background-color":"var(--ast-global-color-4)","background-image":"","background-repeat":"repeat","background-position":"center center","background-size":"auto","background-attachment":"scroll","background-type":"","background-media":"","overlay-type":"","overlay-color":"","overlay-opacity":"","overlay-gradient":""},"tablet":{"background-color":"","background-image":"","background-repeat":"repeat","background-position":"center center","background-size":"auto","background-attachment":"scroll","background-type":"","background-media":"","overlay-type":"","overlay-color":"","overlay-opacity":"","overlay-gradient":""},"mobile":{"background-color":"","background-image":"","background-repeat":"repeat","background-position":"center center","background-size":"auto","background-attachment":"scroll","background-type":"","background-media":"","overlay-type":"","overlay-color":"","overlay-opacity":"","overlay-gradient":""}},"ast-content-background-meta":{"desktop":{"background-color":"var(--ast-global-color-5)","background-image":"","background-repeat":"repeat","background-position":"center center","background-size":"auto","background-attachment":"scroll","background-type":"","background-media":"","overlay-type":"","overlay-color":"","overlay-opacity":"","overlay-gradient":""},"tablet":{"background-color":"var(--ast-global-color-5)","background-image":"","background-repeat":"repeat","background-position":"center center","background-size":"auto","background-attachment":"scroll","background-type":"","background-media":"","overlay-type":"","overlay-color":"","overlay-opacity":"","overlay-gradient":""},"mobile":{"background-color":"var(--ast-global-color-5)","background-image":"","background-repeat":"repeat","background-position":"center center","background-size":"auto","background-attachment":"scroll","background-type":"","background-media":"","overlay-type":"","overlay-color":"","overlay-opacity":"","overlay-gradient":""}}},"product_brand":[],"product_cat":[27],"product_tag":[],"class_list":{"0":"post-21129","1":"product","2":"type-product","3":"status-publish","4":"has-post-thumbnail","6":"product_cat-caschi","7":"desktop-align-center","8":"tablet-align-center","9":"mobile-align-center","11":"first","12":"instock","13":"taxable","14":"shipping-taxable","15":"purchasable","16":"product-type-simple"},"_links":{"self":[{"href":"https:\/\/www.dascenzobike.it\/wordpress\/wp-json\/wp\/v2\/product\/21129","targetHints":{"allow":["GET"]}}],"collection":[{"href":"https:\/\/www.dascenzobike.it\/wordpress\/wp-json\/wp\/v2\/product"}],"about":[{"href":"https:\/\/www.dascenzobike.it\/wordpress\/wp-json\/wp\/v2\/types\/product"}],"version-history":[{"count":0,"href":"https:\/\/www.dascenzobike.it\/wordpress\/wp-json\/wp\/v2\/product\/21129\/revisions"}],"wp:featuredmedia":[{"embeddable":true,"href":"https:\/\/www.dascenzobike.it\/wordpress\/wp-json\/wp\/v2\/media\/21130"}],"wp:attachment":[{"href":"https:\/\/www.dascenzobike.it\/wordpress\/wp-json\/wp\/v2\/media?parent=21129"}],"wp:term":[{"taxonomy":"product_brand","embeddable":true,"href":"https:\/\/www.dascenzobike.it\/wordpress\/wp-json\/wp\/v2\/product_brand?post=21129"},{"taxonomy":"product_cat","embeddable":true,"href":"https:\/\/www.dascenzobike.it\/wordpress\/wp-json\/wp\/v2\/product_cat?post=21129"},{"taxonomy":"product_tag","embeddable":true,"href":"https:\/\/www.dascenzobike.it\/wordpress\/wp-json\/wp\/v2\/product_tag?post=21129"}],"curies":[{"name":"wp","href":"https:\/\/api.w.org\/{rel}","templated":true}]}}