{"id":21227,"date":"2023-12-08T09:52:19","date_gmt":"2023-12-08T08:52:19","guid":{"rendered":"https:\/\/www.dascenzobike.it\/wordpress\/?post_type=product&#038;p=21227"},"modified":"2024-12-08T07:55:43","modified_gmt":"2024-12-08T06:55:43","slug":"copertone-pirelli-p-zero-race-tire-26-622-tlr-red","status":"publish","type":"product","link":"https:\/\/www.dascenzobike.it\/wordpress\/prodotto\/copertone-pirelli-p-zero-race-tire-26-622-tlr-red\/","title":{"rendered":"Copertone Pirelli P Zero Race Tire 26-622 TLR red"},"content":{"rendered":"<p>Pirelli presenta la nuova generazione P ZERO\u2122 Race TLR migliorando ulteriormente uno dei suoi best seller sul mercato. Attraverso una nuova soluzione di carcassa, Pirelli ha lavorato su uno dei parametri pi\u00f9 importanti nei pneumatici per ruote: la resistenza al rotolamento &#8211; e ha stabilito un nuovo punto di riferimento. Mescola SmartEVO: La nuova mescola SmartEVO utilizza una miscela di 3 diversi polimeri, ciascuno dei quali offre caratteristiche prestazionali specifiche per un equilibrio ottimale tra propriet\u00e0 opposte, come grip e resistenza al rotolamento. Carcassa: la nuova carcassa SpeedCORE\u2122 \u00e8 un sottile strato ermetico di mescola di gomma con particelle di aramide che copre la parte interna del pneumatico. La massima flessibilit\u00e0 della mescola di gomma rende lo pneumatico pi\u00f9 veloce e scorrevole, mentre la presenza di aramide garantisce una migliore resistenza alle forature. La carcassa \u00e8 completata da una trama in nylon da 120tpi pi\u00f9 un sistema antiforatura in aramide, mentre il disegno del battistrada mantiene la mescola di gomma pi\u00f9 avanzata di Pirelli, la SmartEVO, per offrire le massime prestazioni. Tutte le caratteristiche speciali del nuovo P ZERO\u2122 Race TLR sono sapientemente realizzate in Italia, offrendo qualit\u00e0 unica e prestazioni superiori. &#8211; Pneumatico pieghevole &#8211; SmartEVO &#8211; SpeedCORE &#8211; 120 tpi &#8211; TL-R<\/p>\n","protected":false},"excerpt":{"rendered":"<p>Pirelli presenta la nuova generazione P ZERO\u2122 Race TLR migliorando ulteriormente uno dei suoi best seller sul mercato. Attraverso una [&hellip;]<\/p>\n","protected":false},"featured_media":21228,"template":"","meta":{"site-sidebar-layout":"default","site-content-layout":"","ast-site-content-layout":"default","site-content-style":"default","site-sidebar-style":"default","ast-global-header-display":"","ast-banner-title-visibility":"","ast-main-header-display":"","ast-hfb-above-header-display":"","ast-hfb-below-header-display":"","ast-hfb-mobile-header-display":"","site-post-title":"","ast-breadcrumbs-content":"","ast-featured-img":"","footer-sml-layout":"","ast-disable-related-posts":"","theme-transparent-header-meta":"","adv-header-id-meta":"","stick-header-meta":"","header-above-stick-meta":"","header-main-stick-meta":"","header-below-stick-meta":"","astra-migrate-meta-layouts":"default","ast-page-background-enabled":"default","ast-page-background-meta":{"desktop":{"background-color":"var(--ast-global-color-4)","background-image":"","background-repeat":"repeat","background-position":"center center","background-size":"auto","background-attachment":"scroll","background-type":"","background-media":"","overlay-type":"","overlay-color":"","overlay-opacity":"","overlay-gradient":""},"tablet":{"background-color":"","background-image":"","background-repeat":"repeat","background-position":"center center","background-size":"auto","background-attachment":"scroll","background-type":"","background-media":"","overlay-type":"","overlay-color":"","overlay-opacity":"","overlay-gradient":""},"mobile":{"background-color":"","background-image":"","background-repeat":"repeat","background-position":"center center","background-size":"auto","background-attachment":"scroll","background-type":"","background-media":"","overlay-type":"","overlay-color":"","overlay-opacity":"","overlay-gradient":""}},"ast-content-background-meta":{"desktop":{"background-color":"var(--ast-global-color-5)","background-image":"","background-repeat":"repeat","background-position":"center center","background-size":"auto","background-attachment":"scroll","background-type":"","background-media":"","overlay-type":"","overlay-color":"","overlay-opacity":"","overlay-gradient":""},"tablet":{"background-color":"var(--ast-global-color-5)","background-image":"","background-repeat":"repeat","background-position":"center center","background-size":"auto","background-attachment":"scroll","background-type":"","background-media":"","overlay-type":"","overlay-color":"","overlay-opacity":"","overlay-gradient":""},"mobile":{"background-color":"var(--ast-global-color-5)","background-image":"","background-repeat":"repeat","background-position":"center center","background-size":"auto","background-attachment":"scroll","background-type":"","background-media":"","overlay-type":"","overlay-color":"","overlay-opacity":"","overlay-gradient":""}}},"product_brand":[],"product_cat":[49,46],"product_tag":[],"class_list":{"0":"post-21227","1":"product","2":"type-product","3":"status-publish","4":"has-post-thumbnail","6":"product_cat-componenti","7":"product_cat-coperture-bici-da-strada","8":"desktop-align-center","9":"tablet-align-center","10":"mobile-align-center","12":"first","13":"instock","14":"sale","15":"taxable","16":"shipping-taxable","17":"purchasable","18":"product-type-simple"},"_links":{"self":[{"href":"https:\/\/www.dascenzobike.it\/wordpress\/wp-json\/wp\/v2\/product\/21227","targetHints":{"allow":["GET"]}}],"collection":[{"href":"https:\/\/www.dascenzobike.it\/wordpress\/wp-json\/wp\/v2\/product"}],"about":[{"href":"https:\/\/www.dascenzobike.it\/wordpress\/wp-json\/wp\/v2\/types\/product"}],"version-history":[{"count":0,"href":"https:\/\/www.dascenzobike.it\/wordpress\/wp-json\/wp\/v2\/product\/21227\/revisions"}],"wp:featuredmedia":[{"embeddable":true,"href":"https:\/\/www.dascenzobike.it\/wordpress\/wp-json\/wp\/v2\/media\/21228"}],"wp:attachment":[{"href":"https:\/\/www.dascenzobike.it\/wordpress\/wp-json\/wp\/v2\/media?parent=21227"}],"wp:term":[{"taxonomy":"product_brand","embeddable":true,"href":"https:\/\/www.dascenzobike.it\/wordpress\/wp-json\/wp\/v2\/product_brand?post=21227"},{"taxonomy":"product_cat","embeddable":true,"href":"https:\/\/www.dascenzobike.it\/wordpress\/wp-json\/wp\/v2\/product_cat?post=21227"},{"taxonomy":"product_tag","embeddable":true,"href":"https:\/\/www.dascenzobike.it\/wordpress\/wp-json\/wp\/v2\/product_tag?post=21227"}],"curies":[{"name":"wp","href":"https:\/\/api.w.org\/{rel}","templated":true}]}}