{"id":21454,"date":"2024-03-29T12:29:58","date_gmt":"2024-03-29T11:29:58","guid":{"rendered":"https:\/\/www.dascenzobike.it\/wordpress\/?post_type=product&#038;p=21454"},"modified":"2024-03-29T12:43:01","modified_gmt":"2024-03-29T11:43:01","slug":"casco-bell-super-air-r-mips-grigio","status":"publish","type":"product","link":"https:\/\/www.dascenzobike.it\/wordpress\/prodotto\/casco-bell-super-air-r-mips-grigio\/","title":{"rendered":"Casco BELL Super Air R Mips Grigio"},"content":{"rendered":"<p>Bell ha progettato la Super Air R da zero per superare i limiti di prestazioni e versatilit\u00e0. Con la tecnologia MIPS flessibile sferica leader della categoria, una ventilazione superiore, un peso totale inferiore del 22% o 144 grammi rispetto al modello precedente e una mentoniera rimovibile a 2 clic, questo \u00e8 un vero all-mountain performer.<\/p>\n<ul>\n<li>Prese d&#8217;aria totali: 18 prese d&#8217;aria per casco, 8 prese d&#8217;aria per mentoniera, 4 porte frontali<\/li>\n<li>Ventilazione: la ventilazione a sopracciglia presenta aperture di aspirazione sulla fronte del casco per introdurre aria fresca e spingerla attraverso la matrice del canale d&#8217;aria per la ventilazione a tutta testa<\/li>\n<li>Conformit\u00e0: bicicletta Cpsc<\/li>\n<li>Mips: Flex sferica + mips &#8211; gestione energetica completa &#8211; flex sferica migliora la nostra capacit\u00e0 di affrontare impatti ad alta velocit\u00e0, impatti a bassa velocit\u00e0 e impatti a rotazione. Pensalo come una protezione completa, con l&#8217;ulteriore vantaggio di poter progettare una migliore ventilazione del casco.<\/li>\n<li>Costruzione: scocca in policarbonato stampato in fusione &#8211; un processo sperimentato dalla campana che lega il guscio esterno del casco al rivestimento in schiuma eps per creare un casco pi\u00f9 robusto.<\/li>\n<li>Stratificazione progressiva: il processo di ingegneria di una fodera del casco con densit\u00e0 di schiuma eps variabile per gestire meglio il trasferimento di energie dopo alcuni impatti<\/li>\n<li>Visiera: visiera regolabile Goggleguide per occhiali e occhiali<\/li>\n<li>Sistema di adattamento: Float fit &#8211; un sistema di adattamento minimalista e leggero con un quadrante sovrastampato in gomma facile da girare per le regolazioni (integrato con mips)<\/li>\n<li>Interno: imbottitura X-static &#8211; materiali ad asciugatura rapida, tessuti con vere fibre d&#8217;argento, inibiscono la crescita di batteri e funghi che causano cattivi odori<\/li>\n<li>Sicurezza: sottogola avvolgente<\/li>\n<li>Misura M<\/li>\n<\/ul>\n","protected":false},"excerpt":{"rendered":"<p>Bell ha progettato la Super Air R da zero per superare i limiti di prestazioni e versatilit\u00e0. Con la tecnologia [&hellip;]<\/p>\n","protected":false},"featured_media":21457,"template":"","meta":{"site-sidebar-layout":"default","site-content-layout":"","ast-site-content-layout":"default","site-content-style":"default","site-sidebar-style":"default","ast-global-header-display":"","ast-banner-title-visibility":"","ast-main-header-display":"","ast-hfb-above-header-display":"","ast-hfb-below-header-display":"","ast-hfb-mobile-header-display":"","site-post-title":"","ast-breadcrumbs-content":"","ast-featured-img":"","footer-sml-layout":"","ast-disable-related-posts":"","theme-transparent-header-meta":"","adv-header-id-meta":"","stick-header-meta":"","header-above-stick-meta":"","header-main-stick-meta":"","header-below-stick-meta":"","astra-migrate-meta-layouts":"default","ast-page-background-enabled":"default","ast-page-background-meta":{"desktop":{"background-color":"var(--ast-global-color-4)","background-image":"","background-repeat":"repeat","background-position":"center center","background-size":"auto","background-attachment":"scroll","background-type":"","background-media":"","overlay-type":"","overlay-color":"","overlay-opacity":"","overlay-gradient":""},"tablet":{"background-color":"","background-image":"","background-repeat":"repeat","background-position":"center center","background-size":"auto","background-attachment":"scroll","background-type":"","background-media":"","overlay-type":"","overlay-color":"","overlay-opacity":"","overlay-gradient":""},"mobile":{"background-color":"","background-image":"","background-repeat":"repeat","background-position":"center center","background-size":"auto","background-attachment":"scroll","background-type":"","background-media":"","overlay-type":"","overlay-color":"","overlay-opacity":"","overlay-gradient":""}},"ast-content-background-meta":{"desktop":{"background-color":"var(--ast-global-color-5)","background-image":"","background-repeat":"repeat","background-position":"center center","background-size":"auto","background-attachment":"scroll","background-type":"","background-media":"","overlay-type":"","overlay-color":"","overlay-opacity":"","overlay-gradient":""},"tablet":{"background-color":"var(--ast-global-color-5)","background-image":"","background-repeat":"repeat","background-position":"center center","background-size":"auto","background-attachment":"scroll","background-type":"","background-media":"","overlay-type":"","overlay-color":"","overlay-opacity":"","overlay-gradient":""},"mobile":{"background-color":"var(--ast-global-color-5)","background-image":"","background-repeat":"repeat","background-position":"center center","background-size":"auto","background-attachment":"scroll","background-type":"","background-media":"","overlay-type":"","overlay-color":"","overlay-opacity":"","overlay-gradient":""}}},"product_brand":[],"product_cat":[27],"product_tag":[],"class_list":{"0":"post-21454","1":"product","2":"type-product","3":"status-publish","4":"has-post-thumbnail","6":"product_cat-caschi","7":"desktop-align-center","8":"tablet-align-center","9":"mobile-align-center","11":"first","12":"instock","13":"sale","14":"taxable","15":"shipping-taxable","16":"purchasable","17":"product-type-simple"},"_links":{"self":[{"href":"https:\/\/www.dascenzobike.it\/wordpress\/wp-json\/wp\/v2\/product\/21454","targetHints":{"allow":["GET"]}}],"collection":[{"href":"https:\/\/www.dascenzobike.it\/wordpress\/wp-json\/wp\/v2\/product"}],"about":[{"href":"https:\/\/www.dascenzobike.it\/wordpress\/wp-json\/wp\/v2\/types\/product"}],"version-history":[{"count":0,"href":"https:\/\/www.dascenzobike.it\/wordpress\/wp-json\/wp\/v2\/product\/21454\/revisions"}],"wp:featuredmedia":[{"embeddable":true,"href":"https:\/\/www.dascenzobike.it\/wordpress\/wp-json\/wp\/v2\/media\/21457"}],"wp:attachment":[{"href":"https:\/\/www.dascenzobike.it\/wordpress\/wp-json\/wp\/v2\/media?parent=21454"}],"wp:term":[{"taxonomy":"product_brand","embeddable":true,"href":"https:\/\/www.dascenzobike.it\/wordpress\/wp-json\/wp\/v2\/product_brand?post=21454"},{"taxonomy":"product_cat","embeddable":true,"href":"https:\/\/www.dascenzobike.it\/wordpress\/wp-json\/wp\/v2\/product_cat?post=21454"},{"taxonomy":"product_tag","embeddable":true,"href":"https:\/\/www.dascenzobike.it\/wordpress\/wp-json\/wp\/v2\/product_tag?post=21454"}],"curies":[{"name":"wp","href":"https:\/\/api.w.org\/{rel}","templated":true}]}}