{"id":21540,"date":"2024-04-15T11:36:31","date_gmt":"2024-04-15T09:36:31","guid":{"rendered":"https:\/\/www.dascenzobike.it\/wordpress\/?post_type=product&#038;p=21540"},"modified":"2024-04-15T11:42:48","modified_gmt":"2024-04-15T09:42:48","slug":"deragliatore-ceramic-speed-ospw-x-sram-eagle-axs","status":"publish","type":"product","link":"https:\/\/www.dascenzobike.it\/wordpress\/prodotto\/deragliatore-ceramic-speed-ospw-x-sram-eagle-axs\/","title":{"rendered":"Deragliatore Ceramic Speed OSPW X SRAM Eagle AXS"},"content":{"rendered":"<p><strong>T<\/strong><strong>ecnologia FURTHER DRIVE<\/strong>\u00a0, composta da due nuove funzionalit\u00e0 tecnologiche che mirano entrambe a far s\u00ec che OSPW X aumenti la capacit\u00e0 del gruppo di trasmissione di funzionare in modo efficiente nel tempo.<\/p>\n<p><strong>Funzione Active Debris Remover (ADR)<\/strong>\u00a0: un nuovo design esclusivo del coperchio antipolvere che rimane saldamente ancorato in una rientranza nella puleggia, racchiudendo cos\u00ec completamente il cuscinetto.\u00a0Questo \u00e8 accoppiato con una struttura scanalata a lama che circonda il parapolvere ed estrae dinamicamente i detriti dalla puleggia mentre ruota.<\/p>\n<p>ADR \u00e8 abbinato alle nostre nuove pulegge a disco pieno da 14 e 20 denti, conosciute semplicemente come ALPHA.<\/p>\n<p><strong>Il disco ALPHA<\/strong>\u00a0presenta una costruzione in due pezzi.\u00a0Un profilo del dente separato e largo e stretto prodotto in un materiale composito che offre protezione dall&#8217;usura prolungata e riduzione del rumore.\u00a0Oltre a un solido disco in alluminio che elimina il rischio che oggetti esterni rimangano incastrati tra i raggi della puleggia, aggiungendo forza e rigidit\u00e0 al design della puleggia.<\/p>\n<p>La tecnologia FURTHER DRIVE \u00e8 combinata con una struttura della gabbia completamente nuova che utilizza una maggiore struttura del materiale &#8211; senza aggiungere ingombro inutile &#8211; che la rende perfettamente in linea con la robustezza per cui \u00e8 famoso il gruppo Eagle Transmission.\u00a0Ma il vero valore si trova nella capacit\u00e0 della tecnologia FURTHER DRIVE di fornire le massime prestazioni durante le gare o nella stagione in cui i ciclisti ne hanno pi\u00f9 bisogno.<\/p>\n","protected":false},"excerpt":{"rendered":"<p>Tecnologia FURTHER DRIVE\u00a0, composta da due nuove funzionalit\u00e0 tecnologiche che mirano entrambe a far s\u00ec che OSPW X aumenti la [&hellip;]<\/p>\n","protected":false},"featured_media":21541,"template":"","meta":{"site-sidebar-layout":"default","site-content-layout":"","ast-site-content-layout":"default","site-content-style":"default","site-sidebar-style":"default","ast-global-header-display":"","ast-banner-title-visibility":"","ast-main-header-display":"","ast-hfb-above-header-display":"","ast-hfb-below-header-display":"","ast-hfb-mobile-header-display":"","site-post-title":"","ast-breadcrumbs-content":"","ast-featured-img":"","footer-sml-layout":"","ast-disable-related-posts":"","theme-transparent-header-meta":"","adv-header-id-meta":"","stick-header-meta":"","header-above-stick-meta":"","header-main-stick-meta":"","header-below-stick-meta":"","astra-migrate-meta-layouts":"default","ast-page-background-enabled":"default","ast-page-background-meta":{"desktop":{"background-color":"var(--ast-global-color-4)","background-image":"","background-repeat":"repeat","background-position":"center center","background-size":"auto","background-attachment":"scroll","background-type":"","background-media":"","overlay-type":"","overlay-color":"","overlay-opacity":"","overlay-gradient":""},"tablet":{"background-color":"","background-image":"","background-repeat":"repeat","background-position":"center center","background-size":"auto","background-attachment":"scroll","background-type":"","background-media":"","overlay-type":"","overlay-color":"","overlay-opacity":"","overlay-gradient":""},"mobile":{"background-color":"","background-image":"","background-repeat":"repeat","background-position":"center center","background-size":"auto","background-attachment":"scroll","background-type":"","background-media":"","overlay-type":"","overlay-color":"","overlay-opacity":"","overlay-gradient":""}},"ast-content-background-meta":{"desktop":{"background-color":"var(--ast-global-color-5)","background-image":"","background-repeat":"repeat","background-position":"center center","background-size":"auto","background-attachment":"scroll","background-type":"","background-media":"","overlay-type":"","overlay-color":"","overlay-opacity":"","overlay-gradient":""},"tablet":{"background-color":"var(--ast-global-color-5)","background-image":"","background-repeat":"repeat","background-position":"center center","background-size":"auto","background-attachment":"scroll","background-type":"","background-media":"","overlay-type":"","overlay-color":"","overlay-opacity":"","overlay-gradient":""},"mobile":{"background-color":"var(--ast-global-color-5)","background-image":"","background-repeat":"repeat","background-position":"center center","background-size":"auto","background-attachment":"scroll","background-type":"","background-media":"","overlay-type":"","overlay-color":"","overlay-opacity":"","overlay-gradient":""}}},"product_brand":[],"product_cat":[928],"product_tag":[],"class_list":{"0":"post-21540","1":"product","2":"type-product","3":"status-publish","4":"has-post-thumbnail","6":"product_cat-deragliatore","7":"desktop-align-center","8":"tablet-align-center","9":"mobile-align-center","11":"first","12":"instock","13":"sale","14":"taxable","15":"shipping-taxable","16":"purchasable","17":"product-type-simple"},"_links":{"self":[{"href":"https:\/\/www.dascenzobike.it\/wordpress\/wp-json\/wp\/v2\/product\/21540","targetHints":{"allow":["GET"]}}],"collection":[{"href":"https:\/\/www.dascenzobike.it\/wordpress\/wp-json\/wp\/v2\/product"}],"about":[{"href":"https:\/\/www.dascenzobike.it\/wordpress\/wp-json\/wp\/v2\/types\/product"}],"version-history":[{"count":0,"href":"https:\/\/www.dascenzobike.it\/wordpress\/wp-json\/wp\/v2\/product\/21540\/revisions"}],"wp:featuredmedia":[{"embeddable":true,"href":"https:\/\/www.dascenzobike.it\/wordpress\/wp-json\/wp\/v2\/media\/21541"}],"wp:attachment":[{"href":"https:\/\/www.dascenzobike.it\/wordpress\/wp-json\/wp\/v2\/media?parent=21540"}],"wp:term":[{"taxonomy":"product_brand","embeddable":true,"href":"https:\/\/www.dascenzobike.it\/wordpress\/wp-json\/wp\/v2\/product_brand?post=21540"},{"taxonomy":"product_cat","embeddable":true,"href":"https:\/\/www.dascenzobike.it\/wordpress\/wp-json\/wp\/v2\/product_cat?post=21540"},{"taxonomy":"product_tag","embeddable":true,"href":"https:\/\/www.dascenzobike.it\/wordpress\/wp-json\/wp\/v2\/product_tag?post=21540"}],"curies":[{"name":"wp","href":"https:\/\/api.w.org\/{rel}","templated":true}]}}