{"id":21807,"date":"2024-08-02T13:04:36","date_gmt":"2024-08-02T11:04:36","guid":{"rendered":"https:\/\/www.dascenzobike.it\/wordpress\/?post_type=product&#038;p=21807"},"modified":"2024-12-22T19:14:22","modified_gmt":"2024-12-22T18:14:22","slug":"kross-esker-6-0","status":"publish","type":"product","link":"https:\/\/www.dascenzobike.it\/wordpress\/prodotto\/kross-esker-6-0\/","title":{"rendered":"Kross Esker 6.0"},"content":{"rendered":"<p>Semplice, affidabile e perfetta per cominciare, questo in breve \u00e8 quello che emerge da una veloce analisi della Kross Esker 6.0 una gravel bike che si fa strada tra i nuovi appassionati con un potenziale davvero molto interessante.<\/p>\n<p>Il telaio Kross Esker 6.0 \u00e8 stato realizzato utilizzando alluminio superleggero, una lega sapientemente plasmata per offrire solidit\u00e0 e rigidit\u00e0 laddove \u00e8 essenziale. I cavi trovano un instradamento interno, una particolarit\u00e0 che facilit\u00e0 il montaggio di eventuali borse per bikepacking, inoltre, il telaio \u00e8 anche predisposto per accoglie qualche borraccia in pi\u00f9. La forcella in carbonio \u00e8 stata progettata per ottimizzare la guida nelle pi\u00f9 disparate situazioni, del resto \u00e8 essenziale per una bici gravel.<\/p>\n<p>L\u2019allestimento punta forte sul gruppo Shimano GRX, un sistema 2&#215;11 con freni a disco che \u00e8 stato concepito apposta per il gravel. Infine, ruote Dt Swiss RD500 con ottimi pneumatici WTB Riddler da 37mm per affrontare bene tanti diversi terreni. Manubrio, pipa e reggisella sono altri accessori scelti per l\u2019alto livello di affidabilit\u00e0 e soprattutto per consentire a questa Kross Esker di piazzarsi sul mercato con un prezzo molto interessante.<\/p>\n","protected":false},"excerpt":{"rendered":"<p>Semplice, affidabile e perfetta per cominciare, questo in breve \u00e8 quello che emerge da una veloce analisi della Kross Esker [&hellip;]<\/p>\n","protected":false},"featured_media":21819,"template":"","meta":{"site-sidebar-layout":"default","site-content-layout":"","ast-site-content-layout":"default","site-content-style":"default","site-sidebar-style":"default","ast-global-header-display":"","ast-banner-title-visibility":"","ast-main-header-display":"","ast-hfb-above-header-display":"","ast-hfb-below-header-display":"","ast-hfb-mobile-header-display":"","site-post-title":"","ast-breadcrumbs-content":"","ast-featured-img":"","footer-sml-layout":"","ast-disable-related-posts":"","theme-transparent-header-meta":"","adv-header-id-meta":"","stick-header-meta":"","header-above-stick-meta":"","header-main-stick-meta":"","header-below-stick-meta":"","astra-migrate-meta-layouts":"default","ast-page-background-enabled":"default","ast-page-background-meta":{"desktop":{"background-color":"var(--ast-global-color-4)","background-image":"","background-repeat":"repeat","background-position":"center center","background-size":"auto","background-attachment":"scroll","background-type":"","background-media":"","overlay-type":"","overlay-color":"","overlay-opacity":"","overlay-gradient":""},"tablet":{"background-color":"","background-image":"","background-repeat":"repeat","background-position":"center center","background-size":"auto","background-attachment":"scroll","background-type":"","background-media":"","overlay-type":"","overlay-color":"","overlay-opacity":"","overlay-gradient":""},"mobile":{"background-color":"","background-image":"","background-repeat":"repeat","background-position":"center center","background-size":"auto","background-attachment":"scroll","background-type":"","background-media":"","overlay-type":"","overlay-color":"","overlay-opacity":"","overlay-gradient":""}},"ast-content-background-meta":{"desktop":{"background-color":"var(--ast-global-color-5)","background-image":"","background-repeat":"repeat","background-position":"center center","background-size":"auto","background-attachment":"scroll","background-type":"","background-media":"","overlay-type":"","overlay-color":"","overlay-opacity":"","overlay-gradient":""},"tablet":{"background-color":"var(--ast-global-color-5)","background-image":"","background-repeat":"repeat","background-position":"center center","background-size":"auto","background-attachment":"scroll","background-type":"","background-media":"","overlay-type":"","overlay-color":"","overlay-opacity":"","overlay-gradient":""},"mobile":{"background-color":"var(--ast-global-color-5)","background-image":"","background-repeat":"repeat","background-position":"center center","background-size":"auto","background-attachment":"scroll","background-type":"","background-media":"","overlay-type":"","overlay-color":"","overlay-opacity":"","overlay-gradient":""}}},"product_brand":[],"product_cat":[939],"product_tag":[],"class_list":{"0":"post-21807","1":"product","2":"type-product","3":"status-publish","4":"has-post-thumbnail","6":"product_cat-gravel","7":"product_shipping_class-biciclette","8":"desktop-align-center","9":"tablet-align-center","10":"mobile-align-center","12":"first","13":"instock","14":"sale","15":"taxable","16":"shipping-taxable","17":"purchasable","18":"product-type-variable"},"_links":{"self":[{"href":"https:\/\/www.dascenzobike.it\/wordpress\/wp-json\/wp\/v2\/product\/21807","targetHints":{"allow":["GET"]}}],"collection":[{"href":"https:\/\/www.dascenzobike.it\/wordpress\/wp-json\/wp\/v2\/product"}],"about":[{"href":"https:\/\/www.dascenzobike.it\/wordpress\/wp-json\/wp\/v2\/types\/product"}],"version-history":[{"count":0,"href":"https:\/\/www.dascenzobike.it\/wordpress\/wp-json\/wp\/v2\/product\/21807\/revisions"}],"wp:featuredmedia":[{"embeddable":true,"href":"https:\/\/www.dascenzobike.it\/wordpress\/wp-json\/wp\/v2\/media\/21819"}],"wp:attachment":[{"href":"https:\/\/www.dascenzobike.it\/wordpress\/wp-json\/wp\/v2\/media?parent=21807"}],"wp:term":[{"taxonomy":"product_brand","embeddable":true,"href":"https:\/\/www.dascenzobike.it\/wordpress\/wp-json\/wp\/v2\/product_brand?post=21807"},{"taxonomy":"product_cat","embeddable":true,"href":"https:\/\/www.dascenzobike.it\/wordpress\/wp-json\/wp\/v2\/product_cat?post=21807"},{"taxonomy":"product_tag","embeddable":true,"href":"https:\/\/www.dascenzobike.it\/wordpress\/wp-json\/wp\/v2\/product_tag?post=21807"}],"curies":[{"name":"wp","href":"https:\/\/api.w.org\/{rel}","templated":true}]}}