{"id":24034,"date":"2025-12-28T20:04:12","date_gmt":"2025-12-28T19:04:12","guid":{"rendered":"https:\/\/www.dascenzobike.it\/wordpress\/?post_type=product&#038;p=24034"},"modified":"2025-12-28T20:12:07","modified_gmt":"2025-12-28T19:12:07","slug":"pirelli-scorpion-xc-h-prowall-29x24","status":"publish","type":"product","link":"https:\/\/www.dascenzobike.it\/wordpress\/prodotto\/pirelli-scorpion-xc-h-prowall-29x24\/","title":{"rendered":"Pirelli Scorpion Xc H ProWall"},"content":{"rendered":"<p>Un disegno battistrada dal profilo basso e tasselli ravvicinati per una guida veloce e sicura su qualsiasi tipo di terreno compatto.<\/p>\n<p>Scorpion\u2122 XC H \u00e8 la scelta migliore per i percorsi crosscountry marathon in cui il terreno varia spesso ma la velocit\u00e0 resta una caratteristica fondamentale.<\/p>\n<div class=\"col-custom mid-col casing-col\">\n<p>Il battistrada di Scorpion\u2122 XC H \u00e8 composto da tasselli bassi e ravvicinati la cui altezza \u00e8 ridotta per aumentare la scorrevolezza e limitare la deformazione in curva sui terreni che non permettono la penetrazione.<\/p>\n<div class=\"col-custom mid-col casing-col\">\n<p>SmartGRIP Compound \u00e8 una mescola sviluppata sull&#8217;esperienza dei campionati motorsport, la scelta della soluzione monomescola offre un&#8217;aderenza elevata in condizioni sia di asciutto che di bagnato in modo costante, anche quando i tasselli cominciano a consumarsi.<\/p>\n<div class=\"col-custom mid-col casing-col\">\n<p>Tutti i modelli nelle versioni LITE sono dedicati alla massima scorrevolezza e flessibilit\u00e0 della struttura: una carcassa di peso ridotto per massimizzare velocit\u00e0 e omogeneit\u00e0 di guida.<\/p>\n<div class=\"col-custom mid-col casing-col\">\n<p>La nostra tecnologia di rinforzo del fianco, per una migliore protezione contro le forature e guidabilit\u00e0 a basse pressioni. Uno strato agiuntivo di tessuto in Nylon applicato sui fianchi della carcassa per una protezione extra e maggiore stabilit\u00e0 in curva.<\/p>\n<\/div>\n<\/div>\n<\/div>\n<\/div>\n","protected":false},"excerpt":{"rendered":"<p>Un disegno battistrada dal profilo basso e tasselli ravvicinati per una guida veloce e sicura su qualsiasi tipo di terreno [&hellip;]<\/p>\n","protected":false},"featured_media":24035,"template":"","meta":{"site-sidebar-layout":"default","site-content-layout":"","ast-site-content-layout":"default","site-content-style":"default","site-sidebar-style":"default","ast-global-header-display":"","ast-banner-title-visibility":"","ast-main-header-display":"","ast-hfb-above-header-display":"","ast-hfb-below-header-display":"","ast-hfb-mobile-header-display":"","site-post-title":"","ast-breadcrumbs-content":"","ast-featured-img":"","footer-sml-layout":"","ast-disable-related-posts":"","theme-transparent-header-meta":"default","adv-header-id-meta":"","stick-header-meta":"","header-above-stick-meta":"","header-main-stick-meta":"","header-below-stick-meta":"","astra-migrate-meta-layouts":"set","ast-page-background-enabled":"default","ast-page-background-meta":{"desktop":{"background-color":"var(--ast-global-color-4)","background-image":"","background-repeat":"repeat","background-position":"center center","background-size":"auto","background-attachment":"scroll","background-type":"","background-media":"","overlay-type":"","overlay-color":"","overlay-opacity":"","overlay-gradient":""},"tablet":{"background-color":"","background-image":"","background-repeat":"repeat","background-position":"center center","background-size":"auto","background-attachment":"scroll","background-type":"","background-media":"","overlay-type":"","overlay-color":"","overlay-opacity":"","overlay-gradient":""},"mobile":{"background-color":"","background-image":"","background-repeat":"repeat","background-position":"center center","background-size":"auto","background-attachment":"scroll","background-type":"","background-media":"","overlay-type":"","overlay-color":"","overlay-opacity":"","overlay-gradient":""}},"ast-content-background-meta":{"desktop":{"background-color":"var(--ast-global-color-5)","background-image":"","background-repeat":"repeat","background-position":"center center","background-size":"auto","background-attachment":"scroll","background-type":"","background-media":"","overlay-type":"","overlay-color":"","overlay-opacity":"","overlay-gradient":""},"tablet":{"background-color":"var(--ast-global-color-5)","background-image":"","background-repeat":"repeat","background-position":"center center","background-size":"auto","background-attachment":"scroll","background-type":"","background-media":"","overlay-type":"","overlay-color":"","overlay-opacity":"","overlay-gradient":""},"mobile":{"background-color":"var(--ast-global-color-5)","background-image":"","background-repeat":"repeat","background-position":"center center","background-size":"auto","background-attachment":"scroll","background-type":"","background-media":"","overlay-type":"","overlay-color":"","overlay-opacity":"","overlay-gradient":""}}},"product_brand":[],"product_cat":[45],"product_tag":[],"class_list":{"0":"post-24034","1":"product","2":"type-product","3":"status-publish","4":"has-post-thumbnail","6":"product_cat-copertura-mtb","7":"desktop-align-center","8":"tablet-align-center","9":"mobile-align-center","11":"first","12":"instock","13":"sale","14":"taxable","15":"shipping-taxable","16":"purchasable","17":"product-type-variable"},"_links":{"self":[{"href":"https:\/\/www.dascenzobike.it\/wordpress\/wp-json\/wp\/v2\/product\/24034","targetHints":{"allow":["GET"]}}],"collection":[{"href":"https:\/\/www.dascenzobike.it\/wordpress\/wp-json\/wp\/v2\/product"}],"about":[{"href":"https:\/\/www.dascenzobike.it\/wordpress\/wp-json\/wp\/v2\/types\/product"}],"version-history":[{"count":0,"href":"https:\/\/www.dascenzobike.it\/wordpress\/wp-json\/wp\/v2\/product\/24034\/revisions"}],"wp:featuredmedia":[{"embeddable":true,"href":"https:\/\/www.dascenzobike.it\/wordpress\/wp-json\/wp\/v2\/media\/24035"}],"wp:attachment":[{"href":"https:\/\/www.dascenzobike.it\/wordpress\/wp-json\/wp\/v2\/media?parent=24034"}],"wp:term":[{"taxonomy":"product_brand","embeddable":true,"href":"https:\/\/www.dascenzobike.it\/wordpress\/wp-json\/wp\/v2\/product_brand?post=24034"},{"taxonomy":"product_cat","embeddable":true,"href":"https:\/\/www.dascenzobike.it\/wordpress\/wp-json\/wp\/v2\/product_cat?post=24034"},{"taxonomy":"product_tag","embeddable":true,"href":"https:\/\/www.dascenzobike.it\/wordpress\/wp-json\/wp\/v2\/product_tag?post=24034"}],"curies":[{"name":"wp","href":"https:\/\/api.w.org\/{rel}","templated":true}]}}